67
Let m(i) = -i**3 + 120*i**2 - 2516*i + 468. Determine m(93).
3
Let z(y) = -8954*y - 116399. Calculate z(-13).
3
Let a(u) = 17*u**2 - 15*u - 64. Calculate a(7).
664
Let r(d) = 12*d**2 - 431*d - 205. Calculate r(36).
-169
Let n(d) = d**3 - 53*d**2 - 24753*d - 1976. Determine n(-133).
19
Let a(v) = v**3 - 124*v**2 + 4864*v - 58909. Determine a(45).
-4
Let s(j) = -7*j**3 + 3652*j**2 + 1465*j - 219756. Calculate s(522).
6
Let b(l) = 2*l**3 + 253*l**2 - 172*l + 27132. Give b(-128).
-4
Let x(q) = 3*q**3 + 39*q**2 - 225*q + 27. Give x(-17).
384
Let k(h) = -168*h - 20408. What is k(-121)?
-80
Let z(q) = 6988*q**2 - 27938*q - 13. Determine z(4).
43
Let c(w) = 13*w**3 - 57*w**2 + 47*w + 12. Calculate c(4).
120
Let m(t) = 29058*t - 232458. Give m(8).
6
Let x(a) = 30*a**2 + 2120*a + 1394. Determine x(-70).
-6
Let z(p) = -19335*p + 4756403. Give z(246).
-7
Let z(d) = 14*d**2 - 1656*d - 902. Give z(119).
288
Let f(t) = -35*t**2 + 2258*t - 7478. Give f(61).
25
Let z(k) = -3*k**2 - 209911*k - 2938175. Calculate z(-14).
-9
Let t(l) = -2*l**3 - 31*l**2 - 67*l - 893. What is t(-18)?
1933
Let j(i) = 9521*i + 1075987. Give j(-113).
114
Let o(k) = -11800*k - 70700. Calculate o(-6).
100
Let c(z) = -216*z**2 + 5674*z - 54. What is c(26)?
1454
Let n(k) = -5*k**2 - 1475*k + 9037. Determine n(-301).
7
Let f(n) = 31*n**2 + 3099*n - 40. What is f(-100)?
60
Let y(m) = -677*m + 7210. Determine y(9).
1117
Let y(n) = 684769*n + 9586773. Calculate y(-14).
7
Let l(t) = -t**3 + 146*t**2 - 2207*t + 1758. Calculate l(129).
-48
Let q(j) = -5*j**3 - 423*j**2 - 687*j - 1888. Calculate q(-83).
21
Let m(b) = -30*b**2 + 4197*b - 16313. What is m(4)?
-5
Let w(r) = 790*r - 5691. Give w(8).
629
Let w(i) = -2*i**3 - 66*i**2 + 3118*i + 2946. Give w(-59).
-4
Let f(d) = 181253*d + 4531337. Determine f(-25).
12
Let w(l) = -1350*l + 116195. Give w(86).
95
Let n(t) = -t**3 + 5*t**2 + 461*t + 102. Determine n(-19).
7
Let p(v) = -2*v**3 + 67*v**2 + 426*v - 3190. Calculate p(38).
2
Let p(i) = -26*i**2 + 3612*i + 262. Determine p(139).
-16
Let l(k) = 7*k**3 - 590*k**2 - 32518*k + 380. Determine l(-38).
0
Let j(n) = -172*n**2 - 559*n - 1140. Give j(-2).
-710
Let n(s) = -13*s**2 + 496*s + 66. Give n(37).
621
Let g(w) = w**3 + 6*w**2 - 186*w - 1111. Calculate g(-6).
5
Let w(s) = -25*s**2 + 788*s - 28. Determine w(30).
1112
Let v(m) = -149*m**2 + 7*m + 547. What is v(-3)?
-815
Let p(m) = 4*m**3 - 40*m**2 + 75*m - 56. Determine p(8).
32
Let f(c) = -40*c**3 + 8*c**2 - 52*c + 101. Determine f(3).
-1063
Let l(b) = -3*b**3 + 2329*b**2 + 10940*b - 4684. Give l(781).
2
Let r(d) = 1605*d - 47770. Calculate r(30).
380
Let o(z) = -5409*z - 459765. What is o(-85)?
0
Let m(q) = 3*q**3 - 5*q**2 - 11*q - 4. Give m(4).
64
Let y(u) = 848*u - 411267. Give y(485).
13
Let a(t) = 2*t**3 - 15*t**2 + 31*t + 484. Calculate a(-7).
-1154
Let h(l) = 101*l + 1112. Calculate h(-8).
304
Let s(p) = 7*p**2 + 12669*p + 287681. Calculate s(-23).
-3
Let w(p) = -634*p - 32995. What is w(-48)?
-2563
Let y(m) = 2049*m**2 + 4104*m - 8. What is y(-2)?
-20
Let g(b) = -209*b**2 - 2041*b + 2041. Calculate g(1).
-209
Let z(a) = -100232*a - 902083. Give z(-9).
5
Let n(p) = -115205*p + 691238. Determine n(6).
8
Let x(h) = -7008*h - 168204. Give x(-24).
-12
Let f(t) = 29911*t + 4486643. Calculate f(-150).
-7
Let l(g) = 749845*g + 2249521. What is l(-3)?
-14
Let o(i) = -i**2 - 66854*i - 1937914. What is o(-29)?
11
Let h(z) = z**3 - 497*z**2 - 28*z + 13918. Determine h(497).
2
Let n(l) = 18038*l - 4707918. Calculate n(261).
0
Let x(l) = 3*l**3 + 2*l**2 + 21*l + 5. What is x(6)?
851
Let v(b) = -b**3 - 8*b**2 - 622*b - 1234. Give v(-2).
-14
Let s(g) = 4*g**2 + 909*g - 8255. Calculate s(-236).
5
Let l(k) = -2*k**3 + 71*k**2 - 753*k + 1908. What is l(8)?
-596
Let a(z) = 6882*z - 750144. Give a(109).
-6
Let z(m) = -8100*m - 48764. Determine z(-6).
-164
Let l(j) = 15*j**3 - 107*j**2 + 758*j - 5237. Give l(7).
-29
Let l(j) = 25*j**2 - 39*j + 448. Give l(9).
2122
Let u(y) = -161*y - 30267. What is u(-185)?
-482
Let s(r) = -476*r - 6293. Give s(-14).
371
Let p(h) = -972*h**2 - 22303*h + 85. Give p(-23).
-1134
Let v(l) = l**3 - 69*l**2 - 14*l + 166. Give v(69).
-800
Let h(a) = -95*a**2 - 234*a + 67. Determine h(-5).
-1138
Let f(r) = -205*r**3 - 54*r + 54. Determine f(1).
-205
Let u(t) = -5*t**2 - 7*t + 1069. Calculate u(-15).
49
Let a(t) = 1195*t - 4776. Calculate a(5).
1199
Let v(t) = 3*t**3 + 44*t**2 + 196*t + 278. Determine v(-8).
-10
Let z(c) = 3509*c - 133348. Give z(38).
-6
Let g(z) = 471*z - 83429. Give g(177).
-62
Let m(y) = -y**3 + 36222*y**2 - 506914*y + 33. Calculate m(14).
5
Let p(y) = -7*y**3 + 37*y**2 + 336*y - 1730. What is p(5)?
0
Let w(i) = -i**2 + 866*i - 20787. What is w(25)?
238
Let k(h) = -5*h**2 - 88*h + 790. Calculate k(-30).
-1070
Let b(w) = w**3 - 676*w**2 + 6488*w + 114541. What is b(666)?
-11
Let h(g) = 145228*g + 871363. What is h(-6)?
-5
Let o(u) = -u**2 - 511*u - 64956. Give o(-237).
-18
Let z(o) = 65*o**2 - 27278*o - 36617. Give z(421).
10
Let c(m) = -m**2 + 10*m - 1. Calculate c(8).
15
Let g(h) = 2*h**2 - 237*h + 5999. Determine g(55).
-986
Let v(r) = -3*r**3 + 116*r**2 + 583*r + 16. Determine v(-5).
376
Let i(g) = 10*g**2 + 32211*g - 32209. Determine i(1).
12
Let f(a) = 1445*a + 465621. Calculate f(-322).
331
Let k(h) = 305*h**2 - 165*h - 1. Calculate k(2).
889
Let o(g) = -g**2 - 491*g - 59952. Give o(-263).
12
Let n(k) = 68155*k - 681573. What is n(10)?
-23
Let p(n) = 12*n**3 + 2486*n**2 + 411*n - 687. Give p(-207).
-66
Let d(t) = t**2 + 22*t - 59. Calculate d(-19).
-116
Let f(m) = -301*m**2 + 1818*m - 27. What is f(6)?
45
Let m(u) = 6*u**3 + 861*u**2 + 420*u - 683. Determine m(-143).
604
Let v(i) = -109*i - 9784. Determine v(-55).
-3789
Let s(p) = -p**3 - 63*p**2 - 676*p + 13. What is s(-13)?
351
Let n(c) = c**3 - 651*c**2 + 5728*c + 32086. Calculate n(642).
-14
Let z(a) = -a**3 + 80*a**2 - 744*a - 1274. Determine z(69).
-239
Let g(y) = -2*y**2 - 188559*y + 1320006. Determine g(7).
-5
Let y(r) = r**2 + 519*r - 30360. Determine y(53).
-44
Let r(m) = -48*m**2 + 254*m - 253. Calculate r(1).
-47
Let g(v) = v**2 - 120557*v - 13. Determine g(0).
-13
Let g(l) = -62051*l**2 + 868719*l - 41. Calculate g(14).
29
Let x(j) = 8163*j + 302021. Give x(-37).
-10
Let m(y) = -34*y**3 - 2*y**2 - 18*y - 12. Calculate m(-3).
942
Let c(d) = 93918*d + 93948. Determine c(-1).
30
Let q(g) = 11*g**3 + 476*g**2 + 243*g - 20. What is q(-43)?
-4922
Let o(g) = 49*g + 171. Calculate o(-1).
122
Let n(o) = -o**3 - 211*o**2 - 1633*o + 129. Determine n(-8).
201
Let s(t) = -346916*t + 346905. What is s(1)?
-11
Let a(r) = 3417*r + 298. Give a(-1).
-3119
Let i(s) = 10*s**3 + 249*s**2 - 13*s + 136. Give i(-25).
-164
Let x(c) = c**3 + 62*c**2 - 289*c - 10326. Calculate x(-64).
-22
Let p(v) = 310*v - 10868. Calculate p(35).
-18
Let j(s) = -395*s**2 + 360245*s - 4575. Determine j(912).
-15
Let k(x) = -2*x**2 + 694*x - 6611. Calculate k(10).
129
Let j(w) = -624*w - 48621. Give j(-78).
51
Let h(u) = 59*u**2 + 921*u + 922. Give h(-1).
60
Let u(n) = -25*n**2 + 153*n + 407. Calculate u(-2).
1
Let w(s) = 484*s + 106762. Calculate w(-221).
-202
Let q(w) = -w**3 - 378*w**2 + 1485*w + 170. Calculate q(4).
-2
Let p(m) = -m**3 - 44*m**2 + 574*m + 24866. Give p(-44).
-390
Let b(k) = k**2 + 177*k + 3596. Determine b(-26).
-330
Let i(r) = -8*r**2 + 151*r + 330. Calculate i(0).
330
Let k(w) = -357*w**2 + 1277*w - 1. Determine k(3).
617
Let d(w) = 52*w**2 - 324*w + 32. Calculate d(6).
-40
Let k(m) = -5*m**2 + 1047*m - 52231. Determine k(128).
-135
Let r(x) = 259*x - 6455. Give r(25).
20
Let s(i) = -2*i**3 + 5*i**2 + 98*i - 706. Calculate s(11).
-1685
Let s(m) = 15903*m**2 - 381677*m + 131. Calculate s(24).
11
Let x(b) = -b**3 - 24*b**2 + 544*b + 12456. Give x(-20).
-24
Let u(a) = 23*a**3 + 3*a**2 + 16*a - 39. Determine u(2).
189
Let r(x) = 45*x**2 + 348*x + 3. What is r(-8)?
99
Let w(u) = -7*u**2 + 1328*u - 62855. Calculate w(99).
10
Let k(m) = 5706*m + 467874. Give k(-82).
-18
Let a(z) = -3*z**3 + 346*z**2 - 3839*z - 24579. Calculate a(102).
3
Let c(m) = -m**3 + 65*m**2 - 277*m + 37. Determine c(4).
-95
Let z(y) = -2*y**2 - 156*y - 160. Determine z(-9).
1082
Let x(g) = -263701*g + 2109606. What is x(8)?
-2
Let g(z) = -2*z**3 - 142*z**2 - 163*z - 1706. Give g(-70).
-96
Let y(b